 -2*t = 7 - 3. Suppose 2*w + 10 = 3*f + 2*f, -2*w = -3*f + 6. Let m(i) = i + 2*i**2 - 1 + i + 0*i**2 + w. What is m(t)?
3
Let c = 5 + -5. Let p = -1 + c. Let g(a) = -16*a**3 + 3*a**2 + 7. Let t(s) = -8*s**3 + 2*s**2 + 4. Let b(w) = 3*g(w) - 5*t(w). What is b(p)?
8
Let q(x) = -4*x**2 - x. Let j(p) = -2*p**2 - 3 - 2*p + 1 + 0*p**2 + 0*p**3 + p**3. Let b be j(3). Determine q(b).
-5
Let z(a) be the first derivative of -a**3/3 + a**2 + a - 2. Suppose -3*o + 9 = -3*n, 0 = -3*o + 6*n - 4*n + 8. Determine z(o).
1
Let c(d) = -d + 4. Suppose -13*n = -6*n - 5*n. Give c(n).
4
Let k(t) = 2*t + 5. Let x be 8/(-3*10/15). What is k(x)?
-3
Let a be 4/(-6)*(-12)/(-8). Let s = -1 - a. Let x be (-3 - s) + 3/1. Let l(y) = y**3 + y**2 - y + 1. What is l(x)?
1
Let t(x) = -x**3 + 4*x**2 + x + 1. Let n(l) = -l**3 - 6*l**2 - 5*l + 4. Let d be n(-5). Suppose -4*r + 20 = d. Determine t(r).
5
Let q(w) be the second derivative of -w**5/20 - w**4/6 + w**3/2 + w**2 - 12*w. Suppose -k + 0*k = 6. Let a = 3 + k. What is q(a)?
2
Let t(d) = -3*d**3 - d**2. Suppose 5*b + 0 = 5. Suppose 5*s - 4 = b. Give t(s).
-4
Let t(b) = 5*b - 5*b - b - 2*b - b**2. Determine t(-5).
-10
Let j(v) = -v**3 - 5*v**2 + 6*v - 2. Let f be (-5 + -1)/(4/1 + -3). Calculate j(f).
-2
Let t(j) be the second derivative of j**2 - j**3 - j - 1/12*j**4 + 0. Determine t(-4).
10
Let f = 25 - 14. Let w(l) = l**3 + l + 5. Let x(j) be the second derivative of 3*j**5/20 + j**3/2 + 7*j**2 - 2*j. Let g(i) = f*w(i) - 4*x(i). Determine g(0).
-1
Let l be 2/10 + 82/(-10). Let q(g) = -g - 6. Let i be q(l). Let c(n) = -n**3 + 4*n**2 + n. Calculate c(i).
10
Let z(t) = 7*t**3 + 12*t**2 - 13*t + 10. Let s(j) = -3*j**3 - 6*j**2 + 6*j - 5. Let a(k) = -9*s(k) - 4*z(k). Calculate a(6).
-7
Let i(g) be the first derivative of -g**3/3 + 5*g**2 - 5*g + 5. Give i(9).
4
Let y be 6*3*2/(-6). Let p(f) = f**2 + 8*f + 3. Give p(y).
-9
Let k(g) = 37*g - 1 - 19*g - 19*g. Suppose -1 = 5*r - 6. Suppose -2*c + c - 13 = 2*h, h - c - r = 0. Calculate k(h).
3
Let y(j) = 3*j. Let u be y(1). Let r(v) be the third derivative of -v**5/60 + v**4/24 + 2*v**3/3 + 2*v**2. Give r(u).
-2
Let r(z) = -4 + z + 4 - 3. Let g be (-2*2/8*0)/(-1). Calculate r(g).
-3
Let s(x) = x**2 + 11*x + 10. Let o be s(-10). Let t(m) = 0*m + 8 - 2*m + m + o*m. Calculate t(0).
8
Let i(g) = -3*g + 7 + g**3 + 7*g**2 + 3*g**2 - 5*g**2. What is i(-6)?
-11
Let d(s) = 4*s - 1. Let r(b) be the second derivative of -2*b**3/3 + b**2 - b. Let n(l) = 3*d(l) + 2*r(l). Calculate n(3).
13
Let s(d) = -5*d**3 + 6*d**2 - 7*d - 8. Let x(m) = m**3 - m**2 + m + 1. Let y(n) = -s(n) - 6*x(n). Let h = 261 - 259. Give y(h).
-4
Suppose -2*y + 1 = 5. Let v be ((-1)/(-2))/(2/(-12)). Let d be v/(-6) - (-9)/y. Let s(k) = -2*k + 2. Determine s(d).
10
Let w(t) = -t**2 + t. Let u(a) = a**2 - a - 4. Let i be u(2). Determine w(i).
-6
Let v(c) be the first derivative of -3*c**3 - c - 7. Calculate v(-1).
-10
Suppose -2*w = 4*u - 14, -3*w + 1 = -4*u - 0. Suppose -y - 3 = -3*x + u*y, -5*x = y - 5. Let g(r) = -7*r. What is g(x)?
-7
Let w(p) = p**3 + 4*p**2 + 2*p - 2. Suppose -s - 1 - 3 = 0. Give w(s).
-10
Let g(b) = b**2 + 4*b - 1. Let i = -20 + 15. What is g(i)?
4
Let r(x) = -x**2 + 8*x - 9. Let h be r(5). Let f(j) = -j**3 + 5*j**2 + 9*j - 9. Determine f(h).
9
Suppose -2*r - 2*b - 48 = 0, 1 = b + 3. Let a = r + 17. Let m(v) = v + 1. Determine m(a).
-4
Let x(b) be the first derivative of -3*b**4/4 + b**2/2 + b + 4. Give x(-1).
3
Let z(k) = -k**3 - 5*k**2 - 5*k + 1. Let y be z(-4). Suppose 0 = -4*t + 9*t - 10. Let o(n) = y + n + n**2 + 5 - t*n**2. Give o(0).
10
Let o(t) = t. Let r be o(2). Suppose 0 = 4*v + 3*f + 11, 25 = -r*f - 3*f. Let u(m) = 5*m**3 + 0*m + 0 - v + m**2 - m. What is u(-1)?
-4
Let i(o) be the first derivative of -o**4/12 + o**3 - o**2 + o - 2. Let t(z) be the first derivative of i(z). Suppose 10*k - 45 = k. Give t(k).
3
Let g(l) = -l**2 + 3*l + 2. Suppose -5 - 3 = -4*n. Suppose -n*f - 7 = -3. What is g(f)?
-8
Suppose -4*t - 6 = i, 0 = 2*i - 4*i - 5*t - 15. Let d(y) = -y**3 - 10*y**2 - y - 4. Calculate d(i).
6
Suppose 7 + 2 = -r. Let d(v) = 5*v**2 - 3*v - 9. Let b(g) = -2*g**2 + g + 4. Let c(j) = r*b(j) - 4*d(j). Give c(2).
-2
Let r(h) = -8 - 2*h - 8 + 13 - 2. Give r(-6).
7
Suppose -3*q - q - 60 = 0. Let n = q + 11. Let i(z) = -z**3 - 6*z**2 - 6*z - 2. Calculate i(n).
-10
Let s(z) = z**2 - 4*z + 2. Let r be (-1 - 0) + 13 + -9. Determine s(r).
-1
Let a(j) be the second derivative of j**3/3 - 2*j. Let s(m) = 6*m**2 - 1. Let z be s(-1). Suppose -z*i + 0*g + 5*g = 25, -2*i - 5*g + 4 = 0. Give a(i).
-6
Let c(q) = -q + 6. Let m be c(2). Let p(b) be the second derivative of 2*b**2 + 0 - 1/12*b**m + 2*b + 0*b**3. Give p(-3).
-5
Let b = -2 + 3. Suppose 0 = -3*z + 4*z - f, -b = -2*z + 3*f. Let c be (1*z)/((-1)/(-3)). Let h(s) = s**3 + 2*s**2 - 2*s - 3. Calculate h(c).
-6
Let p(w) = w - 4. Let z be p(0). Let f(t) = 2*t + 4. Determine f(z).
-4
Let n(i) = -i**3 - 9*i**2 - 14*i + 1. Let w be n(-7). Let q(h) = 2*h + 1. What is q(w)?
3
Let w = -5 - -4. Let y = w - -2. Let g(o) = o - 1. What is g(y)?
0
Let y(a) be the third derivative of -a**6/240 - a**4/8 - 3*a**2. Let d(p) be the second derivative of y(p). Determine d(1).
-3
Let h(k) = -k**2 + 3. Let b(g) = -g - 3. Let n be b(-3). Let s = n + 0. Calculate h(s).
3
Let q be 4/(-22) + (-24)/(-11). Let z(c) = 1 - c**q + 6*c + 3 - 5. What is z(5)?
4
Let u(s) = -8*s**3 - 6*s**2 - 5*s - 1. Let t(b) = 8*b**3 + 7*b**2 + 6*b + 1. Let d(a) = -6*t(a) - 7*u(a). Calculate d(1).
8
Let d(h) = h**2 + 0 - 1 - 2 + h. Let g(m) = m**2 + 7*m + 3. Let f be g(-8). Let t be f - 8 - 6*1. Give d(t).
3
Let u be (-11 + 6)*2/(-5). Let g(y) = 1 - y**u + 0 - y - y**2 + 4*y**2 + y**3. What is g(2)?
15
Suppose -3*x = -2*x. Let i(w) = 1 + x*w**2 + 5*w**2 + 2*w - 3*w. Determine i(1).
5
Let u(r) = 5*r + 1. Let h(s) = -8*s. Let x(o) = -12*o. Let k(p) = -7*h(p) + 5*x(p). Let l(d) = 4*k(d) + 3*u(d). Determine l(3).
0
Let h(r) = -3*r - 24. Let n be h(-9). Let k(y) = y - 3. Calculate k(n).
0
Suppose 1 = w - 0. Suppose x - 6 = w. Let h = 8 - x. Let s(u) = -3*u**3 - 1. Determine s(h).
-4
Let v = 11 + -3. Suppose 15 = -v*c + 3*c. Let i(b) = -b**2 + 5*b + 2. Let y(l) = -2*l**2 + 9*l + 4. Let t(k) = c*y(k) + 5*i(k). Determine t(3).
1
Let a be 2 + -3 + (-10)/(-2). Let b = 0 - a. Let v(j) = j**3 + 3*j**2 - 4*j - 5. Determine v(b).
-5
Suppose -5*m - 3*d + 13 = 0, -d + 28 = 4*m - 3*d. Suppose 0 = -m*j - j. Let g(c) = -c**3 - c**2 + 5. Give g(j).
5
Let v be (-1 + -1 - -2)*1. Let l(h) = v*h**3 - 3 - h**3 - 3*h - h**2 - 2*h**2. Let p = -3 - -1. What is l(p)?
-1
Let k(u) = u. Let b(s) = 7*s + 4. Suppose c - 30 = 6*c. Let r(d) = c*k(d) + b(d). Determine r(-4).
0
Suppose 10 = 4*i + 34. Let y be 1/(((-1)/i)/1). Let j(r) = r**2 - 6*r - 1. Calculate j(y).
-1
Let s(r) = -6*r - 2. Let w(i) = -5*i - 2. Let o(q) = -4*s(q) + 5*w(q). What is o(-6)?
4
Let y(a) = -7*a**2 + a - 21 + 4*a**3 + 0 - 3*a**3 + 11. Determine y(7).
-3
Let d(b) be the second derivative of -b**5/20 - 5*b**4/12 + 7*b**3/6 + 2*b**2 - b. Let q be 8/(-2) + 2*-1. Determine d(q).
-2
Let t(k) = k**2 - 5*k + 6. Suppose 5 = 5*v - 15. What is t(v)?
2
Suppose -2*h = 4*x + 1 + 35, 3*h = -5*x - 44. Suppose 5*a = 9*a + 100. Let f be x/a - (-17)/(-5). Let j(k) = -k**3 - 4*k**2 - 3*k - 4. Calculate j(f).
-4
Let w(b) = -5*b + 2*b - 2*b + b**2 - 3. Determine w(5).
-3
Let p(z) = -z**3 - 6*z**2 + 4*z - 7. Let h be p(-7). Let r = 20 - h. Let y(g) = -g**3 + 7*g**2 - 6*g - 1. Give y(r).
-1
Let n be 7 - -1 - (2 + 0). Let p(v) = -v**2 + 6*v + 1. Let w be p(n). Let z(g) = g**2 - g - g - g**3 + 1 + 2*g**3. Calculate z(w).
1
Suppose 3*i + 0 = -18. Let c(v) = -v**3 - 5*v**2 + 6*v + 6. Give c(i).
6
Let p(h) be the second derivative of h**5/20 + h**4/12 - h**3/6 + h**2 - 2*h. Let i = 17 - 24. Let q(z) = -z**3 - 8*z**2 - 8*z - 9. Let a be q(i). Give p(a).
0
Let k(q) = -q**3 - q**2. Let s be k(-2). Suppose -s*w + 9 = y, -4*w + 11 = -w + 5*y. Let m(z) = 4*z - 3*z + 5*z**3 - 4*z**3 + 8*z**3 + 2*z**w. Calculate m(-1).
-8
Let p(j) = j. Let r(g) = 4*g. Let t(z) = -15*p(z) + 5*r(z). Give t(-2).
-10
Let u(b) = 3*b - 6. Suppose 5*g = -14 - 16. Let o = g - -11. Give u(o).
9
Let m(a) = a - 19*a**2 - 9*a + 9 + 0*a + 29*a**2 - a**3. Calculate m(9).
18
Let r be (10/2 + -1)*-1. Let t(x) be the third deriva